0 = -5*r + 396 + 1074. Let i be r/(-9)*6/(-4). Let a = i + -34. What are the prime factors of a?
3, 5
Suppose 2*z - 3*b = z + 45, -5*b = -2*z + 87. List the prime factors of 8/z + (-286)/(-9).
2
Let u(d) = 96*d - 24. What are the prime factors of u(4)?
2, 3, 5
Let w(u) = 5*u**2 - 166*u - 109. List the prime factors of w(38).
11, 73
Let t(d) = d**2 - 8*d + 3. Let s(j) = j**2 + 8*j + 3. Let z be s(-9). List the prime factors of t(z).
3, 17
Let p be 4/(4/(-2) - -4). Suppose p*f - 345 = -f. Suppose 4*c - r - f = 0, 7*c = 3*c + 4*r + 124. What are the prime factors of c?
2, 7
Let n(q) = -18*q + 1. Let a(y) = -1. Let z(h) = -2*a(h) - n(h). Suppose -4*l + 0*l + 9 = v, 3*l - 23 = -4*v. What are the prime factors of z(l)?
19
Let h(d) = -d**2 + 133. Let c be h(0). Let p = -72 + c. Suppose 0 = -3*l + 26 + p. What are the prime factors of l?
29
Let j(i) = -3*i**3 + 4*i**3 - 1 - 6*i**3 + 4*i**3. Let l(w) = 6*w**3 + 5*w**2 - 3*w - 2. Let p(t) = 5*j(t) + l(t). List the prime factors of p(-4).
3, 7
Suppose -45*h + 87108 = -11*h. What are the prime factors of h?
2, 3, 7, 61
Let c be (-1 - 2)/1*-235. Let k = -453 + c. List the prime factors of 10/2*k/35.
2, 3
Let x(t) = -19*t + 35. Let o(l) = 9*l - 17. Let k(m) = -13*o(m) - 6*x(m). Suppose 0 = -5*i - 7 - 18. List the prime factors of k(i).
2, 13
Let g(l) = -l**3 - 14*l**2 + 20*l - 14. Let f be g(-15). Let r = 12 - f. What are the prime factors of r?
101
Let t = -136 - -212. What are the prime factors of t?
2, 19
Let a = 4639 + -1859. List the prime factors of a.
2, 5, 139
Suppose 0 = -5*p + 6*p + 43. Let u = -13 - p. List the prime factors of u.
2, 3, 5
Suppose -31 = -2*y + 17. Suppose -5*d - d = -y. List the prime factors of d.
2
Let b be ((-12)/10)/((-3)/80*-2). Suppose 155 = 8*k - 3*k. Let w = b + k. What are the prime factors of w?
3, 5
Let b(d) = 1 + 16 + d - 14*d + 0*d. List the prime factors of b(-4).
3, 23
Let l be 6/(-4)*2/(-1). Let w(n) = -n**3 - 2 - 1 + l + 9*n**2 + n. What are the prime factors of w(9)?
3
Suppose -22667 = -9*p - 2147. List the prime factors of p.
2, 3, 5, 19
Let b = -59 + 294. List the prime factors of b.
5, 47
Let d = 128 - 101. Let p(o) = 6*o + 67. What are the prime factors of p(d)?
229
Suppose z + r + 4*r + 3 = 0, 4*r = 0. List the prime factors of 44 + -4 - z/3*3.
43
Suppose -19 = -2*k + 2*u + 3, u = -4*k + 34. Let r(c) = -c**3 + 11*c**2 - c - 10. List the prime factors of r(k).
11, 13
Let l(u) = 9*u**3 - 11*u**2 + 4*u + 29. What are the prime factors of l(5)?
29, 31
What are the prime factors of 6/(-4)*21360/(-90)?
2, 89
Suppose 0 = 4*s - 3*l - 0 + 23, -2*s + 1 = l. List the prime factors of s + 7/(7/46).
2, 11
Suppose 3*p = 2*o - 75 - 32, 0 = 3*o + 15. List the prime factors of 2*2/(((-4)/p)/2).
2, 3, 13
Suppose 9 = 3*a - 9. Suppose a = -5*j - 14, 4*q - 4*j - 32 = 0. List the prime factors of q.
2
List the prime factors of 5154/((-23)/((-69)/6)).
3, 859
Suppose 0 = 2*q + 2*i - 82, 2*i + 56 = 4*q - 84. List the prime factors of q.
37
Suppose -3*t = 4*x - 187, t + t - 5*x = 94. Let k = t - 14. List the prime factors of k.
43
Let d = -286 - -330. List the prime factors of d.
2, 11
Let q = 153 + -86. List the prime factors of q.
67
Let b = -39 - -29. List the prime factors of 3*(-1 - b/6) + 36.
2, 19
Let v = 345 + 739. List the prime factors of v.
2, 271
Let m = -5 - -2. Let o = m + 4. List the prime factors of (o/(-2) + 0)*-8.
2
Let c(d) = -2*d**2 + 19*d + 6. Let i be c(15). Let v = i + 259. What are the prime factors of v?
2, 5
Let f(c) = -23*c + 1. Suppose 0 = -2*p + 5*s - 3 + 26, p + 21 = -4*s. Let b be f(p). Let v = b - -20. List the prime factors of v.
2, 11
Suppose 2*a = -z + 441, -3*a - 315 = -2*z - 973. Suppose 0 = -4*d + 4*t + 12 + a, -5*t = -3*d + 164. What are the prime factors of d?
3, 7
Let n be (-200)/(-12) - (-7)/21. Suppose 7*c - 109 = n. What are the prime factors of c?
2, 3
Let y(u) = 38*u**3 + 3*u**2 - 2*u. Let a be y(1). Suppose a = 5*o - 41. What are the prime factors of o?
2
Suppose -2 = 3*w - 5. Let z be w/(-2)*(-2 - -2). Suppose -5*r + 25 = -0, 3*y + 2*r - 61 = z. What are the prime factors of y?
17
Let s be 14/2 - 1 - 0/1. What are the prime factors of -1*(-85)/3 - (-4)/s?
29
Suppose -5*y - 40 = -0*y. Let l be 2/(-4) - 164/y. Suppose t - l = -t. List the prime factors of t.
2, 5
List the prime factors of 1433/(((-4)/12)/((-3)/9)).
1433
Suppose 3*f = 192 + 648. Let s = f + -104. Let b = s + -121. What are the prime factors of b?
5, 11
What are the prime factors of 3278/5 + (-40)/(-100)?
2, 41
Let k(u) be the second derivative of -1/2*u**3 + 3/2*u**2 - 3*u + 0. List the prime factors of k(-3).
2, 3
Let d = 47 - -285. Let t = d + -226. List the prime factors of t.
2, 53
Let u(m) = -m**2 + 6*m - 5. Let d be u(5). Suppose -4*q + d*q = 3*l + 3, 3*q + 1 = -2*l. Suppose q - 7 = x, -n = -x - 13. List the prime factors of n.
3
What are the prime factors of 22120/32 + -3 + 5/(-4)?
3, 229
Let i be (-1518)/(-15) + ((-4)/(-2))/(-10). Suppose 4*u + i = 3*o, -o = -2*u - 36 - 1. What are the prime factors of o?
3
Suppose 0 = 5*z - 325 + 65. List the prime factors of z.
2, 13
Let m(z) = -z**3 + 13*z**2 - 13*z + 18. Let c be m(12). Let j = c + -48. Let u = j + 74. List the prime factors of u.
2
Let o(y) = y**2 + y - 17. What are the prime factors of o(20)?
13, 31
Let t be (-2 - -1)/(3 - (-20)/(-6)). List the prime factors of 16 - (0 + (t - 1)).
2, 7
Let b(s) = s**2 + 7*s - 2. Let c be b(-7). Let x(o) = 2*o + 4. Let d be x(c). Suppose 3*g - 62 = -2*w - 7, d = g + 2*w - 17. What are the prime factors of g?
19
Suppose 3*k = 5*r - 7 - 5, 3*r + 2*k - 11 = 0. Suppose r*q - 9 = -6. Let h = 39 - q. What are the prime factors of h?
2, 19
Let d be (-258)/(-18)*(3 - 0). Suppose 5*w + d = 4*j, 2*w + 4 = 4*j - 18. Let y = 7 - w. What are the prime factors of y?
2, 7
Suppose -6*c = -2*c - 16. Suppose -s - 5*z + 15 = 0, -3*z = c*s - 2*z - 22. What are the prime factors of (-1)/(-1) - (2 - s)?
2
Suppose -4*a - 2*c + 4 = 0, c + 1 = 2*a - 5. Suppose a*x + 34 = 120. What are the prime factors of x?
43
Let d(o) = o - 1. Let r(t) = 6*t - 9. Let w(b) = -5*d(b) + r(b). Let j be w(6). What are the prime factors of (j/(-6))/((-5)/570)?
2, 19
What are the prime factors of ((-3339)/84)/(1/(-32))?
2, 3, 53
Let p(n) = n - 1. Let g be p(-14). Let i = 17 + g. List the prime factors of 17*4/8*i.
17
Suppose 5*x = 4*a + 4559, 5*a + 11 - 6 = 0. List the prime factors of x.
911
Let k = -54 + 48. List the prime factors of (-222)/(10/k + (-2)/(-12)).
2, 37
Suppose -2*v - j + 215 = 22, 3 = -3*j. What are the prime factors of v?
97
Let l = -3434 - -6501. What are the prime factors of l?
3067
Let z(g) = g - 9 + 0*g + 5*g + 17 + 7*g**2. Let p be z(-6). Suppose p = 5*q + c, 2*q = 2*c - 0*c + 80. List the prime factors of q.
2, 11
Let l = -612 + 1160. What are the prime factors of l?
2, 137
Suppose 0 = 110*y - 90597 - 464353. What are the prime factors of y?
5, 1009
Let l be 0 + (-3 + -2 - -3). List the prime factors of 24/l*(-91)/26.
2, 3, 7
Let g(y) = y**2 - 8*y - 4. Suppose 0*t + 12 = -4*t. Let c be g(t). Suppose 151 + c = 4*a. What are the prime factors of a?
3, 5
Let q = -27 + 279. Suppose q = -0*k + 4*k. What are the prime factors of k?
3, 7
Let f(v) be the first derivative of -v**4/4 - 8*v**3 - 3*v**2 - 24*v + 19. What are the prime factors of f(-24)?
2, 3, 5
Suppose -2*k + 123 = 3*i, k + 171 = 3*i + 48. Let o = -6 + i. List the prime factors of o.
5, 7
Let u(d) be the second derivative of -d**5/20 + 2*d**4/3 + 25*d**3/6 - 5*d**2/2 - 2*d. List the prime factors of u(10).
3, 5
Let m(c) be the first derivative of -13*c**2 - 5*c + 5. What are the prime factors of m(-4)?
3, 11
Suppose 5*h - 10 = 10. Let m be 10/(-4)*h/(-5). Suppose -5*z + 36 = 4*a, m*z - 3*z = 2*a - 6. List the prime factors of z.
2
Let y(b) = -2*b**2 + 10*b - 6. Let r(j) = 7*j**2 + 2*j - 2. Let h be r(1). Let w be y(h). Let c = w - -66. What are the prime factors of c?
2
Suppose -4*q + q - 5*v = -1602, 2*v - 1602 = -3*q. List the prime factors of q.
2, 3, 89
Suppose 7*d - 4*d - 3*i = 111, 4*d + 2*i = 154. Suppose -r - 280 = -5*s, 0 = 3*s - 0*s - 5*r - 168. Let l = s - d. What are the prime factors of l?
2, 3
Suppose 35 = -2*b + 9*b. Suppose -m = 2*i - b*i + 159, -4*i = -4*m - 220. List the prime factors of 10/4*i/10.
13
Let x = 619 - -798. 